19, 71
What are the prime factors of 60400?
2, 5, 151
What are the prime factors of 79027?
13, 6079
List the prime factors of 1152.
2, 3
List the prime factors of 16190.
2, 5, 1619
List the prime factors of 33136.
2, 19, 109
List the prime factors of 11559.
3, 3853
What are the prime factors of 396?
2, 3, 11
What are the prime factors of 48961?
11, 4451
What are the prime factors of 17274?
2, 3, 2879
List the prime factors of 2306.
2, 1153
List the prime factors of 45441.
3, 11, 17
List the prime factors of 19407.
3, 6469
List the prime factors of 8399.
37, 227
List the prime factors of 1002.
2, 3, 167
What are the prime factors of 16587?
3, 19, 97
List the prime factors of 48354.
2, 3, 8059
List the prime factors of 1931.
1931
What are the prime factors of 123246?
2, 3, 41, 167
List the prime factors of 66957.
3, 11, 2029
What are the prime factors of 6103?
17, 359
What are the prime factors of 2639?
7, 13, 29
What are the prime factors of 21148?
2, 17, 311
What are the prime factors of 38622?
2, 3, 41, 157
What are the prime factors of 367?
367
List the prime factors of 1900.
2, 5, 19
What are the prime factors of 4449?
3, 1483
List the prime factors of 1623.
3, 541
What are the prime factors of 10903?
10903
List the prime factors of 4954.
2, 2477
List the prime factors of 22245.
3, 5, 1483
List the prime factors of 87521.
7, 12503
What are the prime factors of 18831?
3, 6277
What are the prime factors of 1124?
2, 281
What are the prime factors of 2320?
2, 5, 29
What are the prime factors of 1765?
5, 353
List the prime factors of 334.
2, 167
List the prime factors of 1315.
5, 263
What are the prime factors of 87240?
2, 3, 5, 727
What are the prime factors of 2087?
2087
What are the prime factors of 2344?
2, 293
List the prime factors of 294.
2, 3, 7
What are the prime factors of 311?
311
What are the prime factors of 4615?
5, 13, 71
List the prime factors of 17781.
3, 5927
What are the prime factors of 3623?
3623
List the prime factors of 43961.
43961
List the prime factors of 10818.
2, 3, 601
What are the prime factors of 4846?
2, 2423
List the prime factors of 112577.
112577
What are the prime factors of 469?
7, 67
What are the prime factors of 9653?
7, 197
List the prime factors of 575.
5, 23
List the prime factors of 5160.
2, 3, 5, 43
What are the prime factors of 963?
3, 107
List the prime factors of 38.
2, 19
List the prime factors of 1612.
2, 13, 31
List the prime factors of 10470.
2, 3, 5, 349
List the prime factors of 735.
3, 5, 7
List the prime factors of 2660.
2, 5, 7, 19
What are the prime factors of 22?
2, 11
What are the prime factors of 2913?
3, 971
List the prime factors of 579.
3, 193
What are the prime factors of 93839?
107, 877
What are the prime factors of 9206?
2, 4603
List the prime factors of 1537.
29, 53
List the prime factors of 4258.
2, 2129
List the prime factors of 948.
2, 3, 79
What are the prime factors of 2689?
2689
What are the prime factors of 5929?
7, 11
What are the prime factors of 191?
191
List the prime factors of 1280.
2, 5
What are the prime factors of 26340?
2, 3, 5, 439
List the prime factors of 64917.
3, 7213
What are the prime factors of 2624?
2, 41
What are the prime factors of 59025?
3, 5, 787
List the prime factors of 2004.
2, 3, 167
What are the prime factors of 53111?
173, 307
List the prime factors of 16691.
16691
What are the prime factors of 1199?
11, 109
List the prime factors of 14506.
2, 7253
What are the prime factors of 1300?
2, 5, 13
What are the prime factors of 814?
2, 11, 37
What are the prime factors of 8434?
2, 4217
What are the prime factors of 29272?
2, 3659
List the prime factors of 21216.
2, 3, 13, 17
List the prime factors of 1645.
5, 7, 47
List the prime factors of 80.
2, 5
List the prime factors of 4990.
2, 5, 499
List the prime factors of 95084.
2, 11, 2161
What are the prime factors of 4909?
4909
List the prime factors of 9391.
9391
List the prime factors of 93283.
93283
What are the prime factors of 6351?
3, 29, 73
What are the prime factors of 28659?
3, 41, 233
What are the prime factors of 51322?
2, 67, 383
What are the prime factors of 1766?
2, 883
What are the prime factors of 37273?
37273
List the prime factors of 86431.
19, 4549
What are the prime factors of 27438?
2, 3, 17, 269
List the prime factors of 73137.
3, 24379
What are the prime factors of 31002?
2, 3, 5167
List the prime factors of 23655.
3, 5, 19, 83
What are the prime factors of 12958?
2, 11, 19, 31
What are the prime factors of 25343?
25343
List the prime factors of 24366.
2, 3, 31, 131
List the prime factors of 4142.
2, 19, 109
List the prime factors of 314.
2, 157
What are the prime factors of 19435?
5, 13, 23
List the prime factors of 2490.
2, 3, 5, 83
What are the prime factors of 487?
487
List the prime factors of 967.
967
List the prime factors of 6739.
23, 293
What are the prime factors of 39618?
2, 3, 31, 71
What are the prime factors of 813?
3, 271
List the prime factors of 8970.
2, 3, 5, 13, 23
List the prime factors of 57305.
5, 73, 157
What are the prime factors of 7560?
2, 3, 5, 7
What are the prime factors of 5228?
2, 1307
List the prime factors of 25112.
2, 43, 73
What are the prime factors of 676?
2, 13
What are the prime factors of 1081?
23, 47
List the prime factors of 637.
7, 13
List the prime factors of 44131.
44131
What are the prime factors of 4050?
2, 3, 5
List the prime factors of 105093.
3, 11677
List the prime factors of 54265.
5, 10853
List the prime factors of 950.
2, 5, 19
List the prime factors of 831.
3, 277
List the prime factors of 5686.
2, 2843
What are the prime factors of 33878?
2, 13, 1303
What are the prime factors of 663?
3, 13, 17
What are the prime factors of 33437?
29, 1153
What are the prime factors of 37367?
11, 43, 79
What are the prime factors of 558?
2, 3, 31
What are the prime factors of 5234?
2, 2617
What are the prime factors of 2288?
2, 11, 13
List the prime factors of 349.
349
What are the prime factors of 1090?
2, 5, 109
What are the prime factors of 7873?
7873
What are the prime factors of 4399?
53, 83
List the prime factors of 54571.
11, 41
What are the prime factors of 2338?
2, 7, 167
List the prime factors of 29973.
3, 97, 103
What are the prime factors of 9?
3
List the prime factors of 24600.
2, 3, 5, 41
List the prime factors of 173.
173
List the prime factors of 18093.
3, 37, 163
List the prime factors of 11717.
11717
What are the prime factors of 3410?
2, 5, 11, 31
What are the prime factors of 5747?
7, 821
What are the prime factors of 1110?
2, 3, 5, 37
List the prime factors of 2657.
2657
What are the prime factors of 158197?
13, 43, 283
List the prime factors of 1131.
3, 13, 29
List the prime factors of 13888.
2, 7, 31
What are the prime factors of 1065?
3, 5, 71
List the prime factors of 587.
587
List the prime factors of 1428.
2, 3, 7, 17
List the prime factors of 2875.
5, 23
List the prime factors of 12946.
2, 6473
What are the prime factors of 181799?
137, 1327
What are the prime factors of 59522?
2, 29761
List the prime factors of 2197.
13
List the prime factors of 1359.
3, 151
What are the prime factors of 28560?
2, 3, 5, 7, 17
List the prime factors of 17679.
3, 71, 83
List the prime factors of 1155.
3, 5, 7, 11
What are the prime factors of 716?
2, 179
What are the prime factors of 371?
7, 53
List the prime factors of 1018.
2, 509
What are the prime factors of 6917?
6917
What are the prime factors of 3163?
3163
List the prime factors of 2128.
2, 7, 19
What are the prime factors of 3762?
2, 3, 11, 19
What are the prime factors of 1085?
5, 7, 31
List the prime factors of 3485.
5, 17, 41
What are the prime factors of 1268?
2, 317
List the prime factors of 4103.
11, 373
What are the prime factors of 11267?
19, 593
List the prime factors of 78.
2, 3, 13
List the prime factors of 43669.
43669
What are the prime factors of 39475?
5, 1579
What are the prime factors of 6351?
3, 29, 73
List the prime factors of 939.
3, 313
What are the prime factors of 32829?
3, 31, 353
List the prime factors of 704.
2, 11
List the prime factors of 46885.
5, 9377
What are the prime factors of 1467?
3, 163
List the prime factors of 6649.
61, 109
What are the prime factors of 377?
13, 29
List the prime factors of 175.
5, 7
List the prime factors of 1871